1*i**3 + 3*i**2. Let s = -4 + 2. Is b(s) composite?
False
Let c = -26 + 13. Let b = 57 + c. Suppose -3*f + f = -b. Is f a composite number?
True
Let f = 219 - -17. Suppose -x + f = 4*d + x, 4*x - 240 = -4*d. Is d a prime number?
False
Suppose 0*z + 6 = -3*h + 5*z, 0 = 5*h - z + 32. Let w(o) = -3*o + 1. Let c be w(h). Let b = c - -21. Is b prime?
True
Let b = 10 + -7. Suppose -2*t + 200 = -0*t - b*y, -5*t + 475 = 5*y. Is t a prime number?
True
Let k(l) be the second derivative of 0 + 5/3*l**3 + 2*l + 5/2*l**2. Is k(5) composite?
True
Let m(c) = 652*c**2 + 2*c - 1. Is m(2) a composite number?
True
Let j(s) = -42*s + 2. Let u be j(4). Let w = 377 + u. Is w composite?
False
Is -4 - (-138)/(1 + 0) a prime number?
False
Let z(b) = -b + 1. Let x be z(-4). Suppose 2*w + 3*v = -2*v + 49, -3*v = -x*w + 200. Is w prime?
True
Suppose 3*x + 3 = -3, 0 = -4*a - 5*x - 50. Let h = a - -16. Is h a prime number?
False
Suppose -2*b = 2*b - 260. Is b a prime number?
False
Suppose 765 = 3*n - 3*c, -2*n + 0*c + 518 = -4*c. Is n prime?
True
Let p be 22/8*-2*50. Let m = p + 483. Suppose -5*a + m = x - 0*x, 675 = 3*x - 2*a. Is x composite?
False
Is (-1)/3 + 1960/12 a composite number?
False
Let q(l) be the second derivative of 13*l**3/6 - 2*l**2 + l. Let h = 7 + -4. Is q(h) prime?
False
Let s(t) = -t**3 - 10*t**2 - t - 9. Is s(-11) a composite number?
True
Is -4 + 2/1 - -189 prime?
False
Let k(n) = n**3 + 17*n**2 + 16*n + 7. Is k(-15) prime?
False
Let q(l) = 5*l**3 - l**2 - 3*l + 1. Is q(2) composite?
False
Let y(i) = -2*i + 0*i**2 - 3*i - i**2. Let q = -15 + 11. Is y(q) a prime number?
False
Let c = 170 + 297. Is c a composite number?
False
Let p be 2 + 0 - ((1 - 2) + -2). Suppose 1 = -2*a - 5*g, 3*a + 3*g + 1 = 4. Suppose p = v - a. Is v prime?
True
Suppose -2*i = i + 69. Suppose -2*o = 2*t + 126, 3*t + 13 + 2 = 0. Let a = i - o. Is a prime?
False
Let j = 4492 - 2097. Is j a prime number?
False
Let y = 8 - 10. Is -5*(-2 - -16)/y a prime number?
False
Suppose 0 = 4*p - 5*p + 2. Suppose 0*t + 25 = p*t + w, -4*t + 5*w + 15 = 0. Suppose 28 + t = 2*v. Is v composite?
False
Suppose -3*p + 3*c + 2187 = 0, 2*c - 6 = -c. Suppose -5*o + p - 266 = 0. Is (2/3)/(2/o) a prime number?
True
Suppose -r = 5*q - 269, 2*r - 2*q - 538 = -0*q. Is r a composite number?
False
Suppose 3*c - 556 = 2033. Is c prime?
True
Suppose -3*f - 3*f + 966 = 0. Is f a prime number?
False
Let q be 95/2*8/10. Suppose 2*w = n + 23, 5*w + 4*n - q = -0*n. Is w prime?
False
Let l be (-2)/8 - 1267/(-28). Let q = l - 31. Is q a prime number?
False
Let k(j) be the first derivative of j**4/4 - 5*j**3/3 - 7*j**2/2 + 8*j + 4. Let g be k(6). Suppose -g*h + 112 - 4 = -n, -10 = -5*n. Is h prime?
False
Suppose 4*p - 4*o = -7*o + 13, 5*p = -o + 30. Suppose -3*b + p*b - 76 = 0. Is b a composite number?
False
Let r(a) = a + 8. Let x be r(-7). Suppose 2*l + x = 3*w - 28, -2*l = 8. Suppose -21 = -h + 3*v, 41 = 4*h - 2*v + w. Is h prime?
False
Let k(a) = -a**3 + 8*a**2 + 7*a. Let o be k(7). Suppose -v + o = v. Is v a prime number?
False
Let w be 17/1 - 18/(-6). Is -1 + 0 + w + -8 composite?
False
Let t be (1*(-1 - -1))/2. Suppose 3*v - l - 53 - 52 = t, -5*v + 2*l = -175. Is v prime?
False
Let h(i) = i**3 + 4*i**2 - 5*i - 6. Suppose 0 = -5*a + 53 - 13. Suppose -a = 2*p + 5*k, -7*k = -5*p - 3*k - 20. Is h(p) a composite number?
True
Let b = 52 - -8. Let p = 171 - b. Is p composite?
True
Let n = 8 + 191. Is n a composite number?
False
Suppose 184 - 817 = -3*a. Is a a prime number?
True
Let c be 4/10 - (-2)/(-5). Suppose c*k - k + 212 = 0. Suppose -k = 2*g - 6*g. Is g a composite number?
False
Let w(u) = u**3 + 5*u**2 + u + 2. Let n be w(-5). Is (-50 - n)*(1 + -2) prime?
True
Let f be (-34)/(-6) + (-4)/(-12). Let g be 4/f + (-13)/(-3). Suppose -186 - 59 = -g*k. Is k composite?
True
Suppose -3*g + 1 = 4*o, -5*g - 1 - 24 = 0. Suppose 9*w - o*w - 605 = 0. Is w a prime number?
False
Let f(s) = s + 37. Is f(-14) a prime number?
True
Suppose -2*j + 3*j = -b + 8, -2*b + 8 = 0. Suppose -j*i + 161 = -139. Suppose -210 = -4*d - 2*s, 0*d + d - i = 4*s. Is d composite?
True
Suppose i - 25 = -5*j - 4*i, 5*i = j + 19. Let d(h) = -h**2 - 2*h + 1. Let s be d(j). Is (-1338)/(-4) - 1/s a composite number?
True
Suppose 10*h - 118 = 8*h. Is h a prime number?
True
Let p be 1 + 0 - (0 - -1). Suppose 2*a + 3*o + 8 = 37, p = 4*a + 3*o - 49. Let u = a + 1. Is u a prime number?
True
Let t = -14 + 27. Is t prime?
True
Suppose 0 = 3*i + 2*h - 0*h - 434, 4*i - 572 = -4*h. Suppose 7*l = 3*l + i. Is l a composite number?
False
Let h(f) = f**3 - 3*f**2 - 3. Let b be h(6). Suppose -b = -3*r - 2*r. Is r prime?
False
Suppose 3*j + 9 = 0, 22 = 4*k + 5*j - 295. Is k composite?
False
Let n(t) = -t**2 + 8*t - 4. Let g be n(7). Suppose 5*x + 1680 = 7*i - g*i, -3*i + 5*x = -1260. Let l = -299 + i. Is l composite?
True
Suppose -5*z = -3*z, -5*z - 38 = -i. Is i a composite number?
True
Suppose -3*l - l + 1332 = 0. Suppose y = 5*x + l, 6*x - x = 2*y - 331. Is 0 - x/1 - -2 a composite number?
True
Let i = 23 + 46. Is i prime?
False
Suppose 40 = 6*v - 20. Is v/(-6)*(-708)/4 composite?
True
Suppose 2*r = 4*d - d - 29, -24 = 3*r + 2*d. Let o = 5 - r. Is o prime?
False
Let r(s) = 8*s**2 + 7*s + 9. Is r(-4) prime?
True
Let i(g) = 6*g**2 - g - 7. Suppose -3*w = 8 + 10. Is i(w) prime?
False
Suppose 0 = 3*z - z - 4. Suppose z*s - 4*u = -2*s + 440, -5*s - u = -544. Is s prime?
True
Suppose -2*i + 6 = 0, -p + 2*p - 437 = 2*i. Is p a prime number?
True
Is (-7)/((-21)/1269) + 4 a composite number?
True
Let x = 0 + 2. Suppose -x*g + 100 = -16. Is g composite?
True
Let k = -44 - -65. Is k a prime number?
False
Suppose 0*u - 996 = -3*u. Suppose -n - 3*x + 52 = -39, 4*n - u = -4*x. Is n prime?
True
Suppose -5*z + 7 = -23. Let p = 19 - z. Is p composite?
False
Let m(z) = -726*z**3 + z**2 + z + 1. Is m(-1) a composite number?
False
Let d = 107 - 40. Is d composite?
False
Let t(a) = 6*a**2 + 18*a**3 - 3*a**2 - 2*a**2. Let r = 0 - -1. Is t(r) composite?
False
Let v = 4 - 4. Suppose 4*m = -v*m - 20. Let h = m - -38. Is h prime?
False
Let o(u) = 2*u**2 + 7*u + 11. Suppose 5*z + w - 23 = 0, -5*w + 2 + 29 = 4*z. Suppose -y = 2*y + 15, -z*m - 2*y - 42 = 0. Is o(m) a prime number?
True
Let p(k) = k**2 - 6*k + 2. Let b be p(6). Suppose b*q - 73 = 2*h + 351, 197 = q + 4*h. Is q composite?
True
Let b(g) = g**3 - 4*g**2 - 5. Let i be b(4). Let h(k) = k**2 + 7*k + 8. Let r(q) = 2*q**2 + 13*q + 15. Let y(o) = -11*h(o) + 6*r(o). Is y(i) a prime number?
False
Suppose 4*i - 15 - 5 = 0. Suppose 0 = -3*k + i*k - 758. Is k composite?
False
Let n(t) = t**2 + 2*t**2 - 5*t + 2 + 0*t**2. Let u be n(4). Is (-11)/(3/(u/(-2))) composite?
True
Suppose k - 70 = -3*h - 3*k, 0 = k + 5. Let m(u) = -u**2 - 6*u + 4. Let n be m(-6). Suppose -r - h = -n*r. Is r a prime number?
False
Let k be 0 + (-111)/(-3) - 2. Suppose -k = 4*b - 679. Is b a composite number?
True
Let o = -5947 + 10142. Is o a prime number?
False
Let m = -12 + 14. Is m*-7*(-3)/6 prime?
True
Let v(g) = 12*g. Let x(j) = -j. Let t(m) = -v(m) - 9*x(m). Let l be t(2). Let r = 7 - l. Is r composite?
False
Let o(m) = m**2 + m - 1. Let x be o(-3). Let h = 7 - x. Suppose h*a = 3*y - y + 38, 4*a = -3*y + 76. Is a a composite number?
False
Let y be 18/(4 - (-9)/(-3)). Suppose -m = -y - 28. Is m composite?
True
Let l(w) be the second derivative of -w**5/20 - w**4/12 + w**3/6 + w**2 - w. Let s be l(2). Is s/44 - 2798/(-22) a composite number?
False
Is ((-596)/10)/((-4)/10) a prime number?
True
Let y(i) = -i**3 - i. Let j(u) = -9*u**2 - 13*u + 11. Let o(x) = -j(x) + y(x). Let g be o(10). Suppose -5*w - 2*p = -249, 3*p - g = -3. Is w a prime number?
False
Suppose 3*s + 2*o - 705 = 116, 5*s = -o + 1359. Is s a composite number?
False
Suppose 4*m - 6883 = 2*s - s, -5*s = -5. Is m a composite number?
False
Suppose 3*y + 5*w - 4948 = 0, -3*w = -3*y - 6*w + 4950. Is y a prime number?
False
Is (2609/(-3))/((-15)/45) composite?
False
Is (1/3)/((-13)/(-44889)) a prime number?
True
Let d(k) = 2*k + 24*k - 6 + 5. Let l be (-20)/4*(-6)/10. Is d(l) composite?
True
Let u(b) = 71*b. Let g(p) = -284*p - 1. Let r(f) = 2*g(f) + 9*u(f). Is r(3) a composite number?
False
Suppose 0 = 5*g - 91 - 64. Let t be 34/2*1 - -1. Let s = g - t. Is s a prime number?
True
Suppose -2*a - 4*n = a - 859